{"id":17040,"date":"2025-11-28T23:15:20","date_gmt":"2025-11-29T05:15:20","guid":{"rendered":"https:\/\/iidsech.com\/?page_id=17040"},"modified":"2025-11-28T23:52:03","modified_gmt":"2025-11-29T05:52:03","slug":"la-gratificacion","status":"publish","type":"page","link":"https:\/\/iidsech.com\/index.php\/predicaciones\/la-gratificacion\/","title":{"rendered":"Gratificaci\u00f3n aplazada vs Gratificaci\u00f3n instant\u00e1nea"},"content":{"rendered":"\t\t<div data-elementor-type=\"wp-page\" data-elementor-id=\"17040\" class=\"elementor elementor-17040\">\n\t\t\t\t\t\t<div class=\"elementor-section elementor-top-section elementor-element elementor-element-346406e videothumb elementor-section-stretched elementor-section-boxed elementor-section-height-default elementor-section-height-default\" data-id=\"346406e\" data-element_type=\"section\" data-e-type=\"section\" data-settings=\"{&quot;stretch_section&quot;:&quot;section-stretched&quot;,&quot;background_background&quot;:&quot;classic&quot;}\">\n\t\t\t\t\t\t<div class=\"elementor-container elementor-column-gap-default\">\n\t\t\t\t\t<div class=\"elementor-column elementor-col-100 elementor-top-column elementor-element elementor-element-1246ba2\" data-id=\"1246ba2\" data-element_type=\"column\" data-e-type=\"column\">\n\t\t\t<div class=\"elementor-widget-wrap elementor-element-populated\">\n\t\t\t\t\t\t<section class=\"elementor-section elementor-inner-section elementor-element elementor-element-71182e2 elementor-section-boxed elementor-section-height-default elementor-section-height-default\" data-id=\"71182e2\" data-element_type=\"section\" data-e-type=\"section\">\n\t\t\t\t\t\t<div class=\"elementor-container elementor-column-gap-default\">\n\t\t\t\t\t<div class=\"elementor-column elementor-col-100 elementor-inner-column elementor-element elementor-element-2ab3072\" data-id=\"2ab3072\" data-element_type=\"column\" data-e-type=\"column\" data-settings=\"{&quot;background_background&quot;:&quot;classic&quot;}\">\n\t\t\t<div class=\"elementor-widget-wrap elementor-element-populated\">\n\t\t\t\t\t\t<div class=\"elementor-element elementor-element-d4808f1 elementor-widget__width-inherit elementor-position-top elementor-invisible elementor-widget elementor-widget-image-box\" data-id=\"d4808f1\" data-element_type=\"widget\" data-e-type=\"widget\" data-settings=\"{&quot;_animation&quot;:&quot;fadeIn&quot;}\" data-widget_type=\"image-box.default\">\n\t\t\t\t<div class=\"elementor-widget-container\">\n\t\t\t\t\t<div class=\"elementor-image-box-wrapper\"><figure class=\"elementor-image-box-img\"><img fetchpriority=\"high\" decoding=\"async\" width=\"1279\" height=\"717\" src=\"https:\/\/iidsech.com\/wp-content\/uploads\/2025\/11\/Gratificacion1.jpg\" class=\"attachment-full size-full wp-image-17045\" alt=\"\" srcset=\"https:\/\/iidsech.com\/wp-content\/uploads\/2025\/11\/Gratificacion1.jpg 1279w, https:\/\/iidsech.com\/wp-content\/uploads\/2025\/11\/Gratificacion1-300x168.jpg 300w, https:\/\/iidsech.com\/wp-content\/uploads\/2025\/11\/Gratificacion1-1024x574.jpg 1024w, https:\/\/iidsech.com\/wp-content\/uploads\/2025\/11\/Gratificacion1-768x431.jpg 768w\" sizes=\"(max-width: 1279px) 100vw, 1279px\" \/><\/figure><div class=\"elementor-image-box-content\"><h1 class=\"elementor-image-box-title\">Gratificaci\u00f3n instant\u00e1nea vs Gratificaci\u00f3n aplazada <\/h1><p class=\"elementor-image-box-description\">Realizado Por: <font color=\"#D4942D\">Diac. Noe Martinez C.<\/font> \nCategor\u00eda: <span style=\"color:#D4942D\">  Fortaleza, Fe<\/span> Fecha:<span style=\"color:#D4942D\">  Nov, 2025<\/span><\/p><\/div><\/div>\t\t\t\t<\/div>\n\t\t\t\t<\/div>\n\t\t\t\t\t<\/div>\n\t\t<\/div>\n\t\t\t\t\t<\/div>\n\t\t<\/section>\n\t\t\t\t\t<\/div>\n\t\t<\/div>\n\t\t\t\t\t<\/div>\n\t\t<\/div>\n\t\t\t\t<section class=\"elementor-section elementor-top-section elementor-element elementor-element-44f86cb elementor-section-boxed elementor-section-height-default elementor-section-height-default\" data-id=\"44f86cb\" data-element_type=\"section\" data-e-type=\"section\">\n\t\t\t\t\t\t<div class=\"elementor-container elementor-column-gap-default\">\n\t\t\t\t\t<div class=\"elementor-column elementor-col-100 elementor-top-column elementor-element elementor-element-113cad1\" data-id=\"113cad1\" data-element_type=\"column\" data-e-type=\"column\">\n\t\t\t<div class=\"elementor-widget-wrap elementor-element-populated\">\n\t\t\t\t\t\t<div class=\"elementor-element elementor-element-883a8c1 elementor-widget-divider--view-line elementor-widget elementor-widget-divider\" data-id=\"883a8c1\" data-element_type=\"widget\" data-e-type=\"widget\" data-widget_type=\"divider.default\">\n\t\t\t\t<div class=\"elementor-widget-container\">\n\t\t\t\t\t\t\t<div class=\"elementor-divider\">\n\t\t\t<span class=\"elementor-divider-separator\">\n\t\t\t\t\t\t<\/span>\n\t\t<\/div>\n\t\t\t\t\t\t<\/div>\n\t\t\t\t<\/div>\n\t\t\t\t\t<\/div>\n\t\t<\/div>\n\t\t\t\t\t<\/div>\n\t\t<\/section>\n\t\t\t\t<section class=\"elementor-section elementor-top-section elementor-element elementor-element-fbc7992 elementor-section-boxed elementor-section-height-default elementor-section-height-default\" data-id=\"fbc7992\" data-element_type=\"section\" data-e-type=\"section\">\n\t\t\t\t\t\t<div class=\"elementor-container elementor-column-gap-default\">\n\t\t\t\t\t<div class=\"elementor-column elementor-col-100 elementor-top-column elementor-element elementor-element-d81a8cb\" data-id=\"d81a8cb\" data-element_type=\"column\" data-e-type=\"column\">\n\t\t\t<div class=\"elementor-widget-wrap elementor-element-populated\">\n\t\t\t\t\t\t<div class=\"elementor-element elementor-element-f277c3d elementor-widget elementor-widget-text-editor\" data-id=\"f277c3d\" data-element_type=\"widget\" data-e-type=\"widget\" data-widget_type=\"text-editor.default\">\n\t\t\t\t<div class=\"elementor-widget-container\">\n\t\t\t\t\t\t\t\t\t<h2 style=\"text-align: center;\"><strong><span style=\"color: #000000;\">INTRODUCCI\u00d3N<\/span><\/strong><\/h2><h5>\u00a0<\/h5><h5 style=\"text-align: center;\"><b>\u00bfQue es gratificaci\u00f3n?<\/b><\/h5><ul><li>Cosa material o inmaterial que se concede a una persona y le causa satisfacci\u00f3n o complacencia.<\/li><li>Cantidad de dinero u otra cosa que da una persona a otra como recompensa o agradecimiento por la realizaci\u00f3n de un servicio o un favor.<\/li><\/ul><p><strong>Sin\u00f3nimos<\/strong>: retribuci\u00f3n, remuneraci\u00f3n, gratificaci\u00f3n, recompensa, premio, compensaci\u00f3n.<\/p><h3>\u00a0<\/h3><h5 style=\"text-align: center;\"><b>Estudio <\/b><b>Marshmallow<\/b><b>, o prueba del malvavisco<\/b><\/h5><p>Es un famoso experimento psicol\u00f3gico realizado por Walter Mischel en la d\u00e9cada de 1960 en la Universidad de Stanford a finales de los a\u00f1os 60 y principios de los 70. Le ofrecieron a cada ni\u00f1o un malvavisco y les dijeron que saldr\u00edan de la habitaci\u00f3n y que los ni\u00f1os pod\u00edan comerlo si quer\u00edan. Sin embargo, si un ni\u00f1o retrasaba comerse el malvavisco hasta que el equipo regresase a la habitaci\u00f3n, probablemente despu\u00e9s de 15 minutos, tal vez ser\u00eda recompensado con dos malvaviscos.<\/p><p><b>\u00bfQu\u00e9 mide la prueba?<\/b><\/p><p><b>Autocontrol<\/b><b>:\u00a0<\/b>La habilidad de resistir un impulso o deseo inmediato en favor de una recompensa m\u00e1s grande en el futuro.\u00a0<\/p><p>Se ha observado que los ni\u00f1os que lograron esperar en el experimento tendieron a obtener mejores resultados en diferentes \u00e1reas de la vida.<\/p><ul><li>Mejores puntajes en la universidad.<\/li><li>Mayores ingresos.<\/li><li>Mejores relaciones sociales.<\/li><li>Menos problemas de adicci\u00f3n.<\/li><li>Menos probabilidades de obesidad.<\/li><\/ul><p>A veces los ni\u00f1os parecen estar esclavizados al momento. Cuando quieren algo, lo quieren al instante y les cuesta mucho captar el concepto de esperar para recibir una recompensa mejor o de negarse un placer porque puede perjudicarles m\u00e1s tarde. Con todo, es algo que los ni\u00f1os y todos nosotros necesitamos aprender.<\/p><p>\u00a0<\/p><h2 style=\"text-align: center;\"><strong><span style=\"color: #000000;\"><b>Gratificaci\u00f3n instant\u00e1nea<\/b><\/span><\/strong><\/h2><p><b>La gratificaci\u00f3n instant\u00e1nea: <\/b>Es el impulso de satisfacer un deseo de inmediato, sin esperar ni medir consecuencias. Surge de la necesidad de placer moment\u00e1neo, lo que puede llevar a decisiones impulsivas. Este es un comportamiento que demuestra una debilidad del car\u00e1cter. Es un error estar interesados solamente en la gratificaci\u00f3n inmediata, no queremos o no podemos retrasar la gratificaci\u00f3n por algo mas valioso en el futuro.<\/p><p>A veces vemos algo que llama nuestra atenci\u00f3n. Lo queremos, \u00a1y lo queremos ya! Pero \u00bfQu\u00e9 precio estamos dispuestos a pagar? \u00bfVale la pena recibirlo ahora si eso significa renunciar a algo mucho m\u00e1s valioso en el futuro? (<b>Proverbios 25:28<\/b>)<\/p><h5><b>Ejemplos en la vida cotidiana<\/b><\/h5><ul><li>Comer comida chatarra vs mantener una dieta saludable a largo plazo.<\/li><li>Dormir unos minutos m\u00e1s en lugar de hacer ejercicio.<\/li><li>Gastar dinero en entretenimiento vs invertirlo en educaci\u00f3n o negocio.<\/li><li>Buscar aprobaci\u00f3n en redes sociales en lugar de cultivar relaciones reales.<\/li><li>Endeudarse para conseguir algo que no es urgente.<\/li><\/ul><p>Estas decisiones diarias moldean el car\u00e1cter y determinan el rumbo del \u00e9xito personal, espiritual y emocional. Si podemos renunciar a nuestra necesidad de gratificaci\u00f3n inmediata, a menudo, obtendremos mucho m\u00e1s a cambio. (<b>Tito 2:11-14)<\/b><\/p><h5><b>Ejemplos <\/b><b>b\u00edblicos<\/b><\/h5><ul><li><b>Esa\u00fa y Jacob (G\u00e9nesis 25:29-34): <\/b>Esa\u00fa vendi\u00f3 su primogenitura por un plato de lentejas. Es el ejemplo cl\u00e1sico de gratificaci\u00f3n instant\u00e1nea: prefiri\u00f3 un placer moment\u00e1neo en lugar de un derecho eterno. Cuando quiso recuperar su derecho a la primogenitura, y \u201caunque lo procur\u00f3 con l\u00e1grimas no lo recibi\u00f3\u201d(<b>Hebreos 12:14 -17<\/b>). <b>Lecci\u00f3n:<\/b> Una vez tomada la decisi\u00f3n no hay vuelta atr\u00e1s.<\/li><li><b>Ad\u00e1n y Eva (G\u00e9nesis 3:1\u20136): <\/b>Deseando ser \u201ccomo Dios\u201d, comieron del fruto prohibido sin esperar ni obedecer. Buscaron una ganancia inmediata y perdieron la comuni\u00f3n con el Creador. <b>Lecci\u00f3n:<\/b> La gratificaci\u00f3n instant\u00e1nea rompe la relaci\u00f3n con Dios y trae consecuencias duraderas.<\/li><li><b>El pueblo de Israel con el becerro de oro (\u00c9xodo 32:1\u20136): <\/b>Mois\u00e9s tardaba en bajar del monte, y el pueblo no quiso esperar; fabricaron un \u00eddolo para adorar, lo que provoco la ira de Dios y sufrieron un castigo severo. <b>Lecci\u00f3n:<\/b> la impaciencia puede llevar a la idolatr\u00eda o a sustituir la voluntad de Dios con nuestros propios deseos.<\/li><li><b>El hijo pr\u00f3digo (Lucas 15:11\u201324): <\/b>Pidi\u00f3 su herencia antes de tiempo y la derroch\u00f3 en placeres, por lo que termin\u00f3 sin nada, hasta que aprendi\u00f3 a valorar el proceso y regres\u00f3 al Padre.<b> Lecci\u00f3n:<\/b> la gratificaci\u00f3n instant\u00e1nea promete libertad, pero conduce a p\u00e9rdida; la paciencia restaura.<\/li><\/ul><p>Hoy en d\u00eda, gracias a Internet y los medios sociales, vivimos en un mundo donde la gratificaci\u00f3n instant\u00e1nea es la moneda de cambio. Esperamos respuestas inmediatas a nuestros mensajes de texto o publicaciones, personas comunes y corrientes se transforman en \u201cestrellas de la noche a la ma\u00f1ana\u201d al subir sus videos en YouTube, queremos bajar de peso en una semana y estar saludables despu\u00e9s de una sola sesi\u00f3n en el gimnasio, queremos ser millonarios sin trabajar y alcanzar nuestros sue\u00f1os sin esfuerzo, pero esto es inviable.<\/p><p>Los cambios constantes y los valores de la cultura popular hicieron que la cultura del esfuerzo y el autocontrol diera paso a una generaci\u00f3n que ya no s\u00f3lo exige resultados sin esfuerzo, sino que demanda incluso el fruto del trabajo duro y consistente \u2014el \u00e9xito o la autorrealizaci\u00f3n\u2014 omitiendo los valores y el estilo de vida que conducen a esto. Si podemos renunciar a nuestra necesidad de gratificaci\u00f3n inmediata, a menudo, obtendremos mucho m\u00e1s a cambio.(<b>Tito 2:11-14<\/b>)<\/p><p>Esta tensi\u00f3n entre el beneficio instant\u00e1neo y el esfuerzo, conocida en la psicolog\u00eda moderna como la dicotom\u00eda entre instintos (gratificaci\u00f3n instant\u00e1nea) y decisiones racionales (gratificaci\u00f3n aplazada), nos ha hecho olvidar el valor del autocontrol y nos ha transformado en una sociedad impaciente.<\/p><p>Los seres humanos estamos inclinados al pecado por naturaleza. Todos sentimos el impulso de pecar en alg\u00fan momento u otro, porque hacerlo nos aporta muchos beneficios tangibles, aunque vanos, a costa de los valores morales y espirituales. La tentaci\u00f3n es el impulso para pecar. Somos juzgados por el grado en que impedimos nuestras tentaciones, justamente debido a la naturaleza pecaminosa de la humanidad, la que en alg\u00fan momento dado nos hace caer en tentaci\u00f3n. Afortunadamente, nunca estamos solos en nuestra b\u00fasqueda por frustrar las tentaciones. <b>(1 Corintios 10:1-13<\/b><b>, <\/b><b>G\u00e1latas 5:16-26, Efesios 6:10-18)<\/b><\/p><h3>\u00a0<\/h3><h2 style=\"text-align: center;\"><b>Gratificaci\u00f3n aplazada<\/b><\/h2><p>La <b>gratificaci\u00f3n aplazada, recompenza postergada o demora de gratificaci\u00f3n: <\/b>\u00a0denota la capacidad de una persona para esperar con el fin de obtener algo que desea. Es la habilidad de posponer una recompensa presente por una mayor o m\u00e1s significativa en el futuro. Requiere autocontrol, paciencia y visi\u00f3n. En t\u00e9rminos sociol\u00f3gicos, el buen control de los impulsos se considera una caracter\u00edstica personal positiva; el psic\u00f3logo Daniel Goleman indic\u00f3 que es una caracter\u00edstica importante dentro de la inteligencia emocional esto quiere decir que es una caracter\u00edstica importante para tener \u00e9xito en la vida. <b>(<\/b><b>Eclesiast\u00e9s 11:1<\/b><b>)\u00a0<\/b>Por otra parte, aquellos que carecen de la capacidad psicol\u00f3gica de controlar los impulsos son los que buscan gratificaci\u00f3n instant\u00e1nea y dif\u00edcilmente pueden aplazar esta necesidad.<\/p><h5><b>Ejemplos en la vida cotidiana<\/b><\/h5><ul><li><b>Hacer ejercicio constantemente: <\/b>Aunque al principio no se ven resultados r\u00e1pidos, el esfuerzo diario fortalece cuerpo y mente. <b>(<\/b><b>1 Corintios 6:19\u201320<\/b><b>)<\/b><\/li><li><b>Ahorrar en lugar de gastar de inmediato: <\/b>En lugar de comprar impulsivamente un art\u00edculo de moda, decides guardar ese dinero para comprar algo m\u00e1s necesario o invertirlo<b>.<\/b><b>(<\/b><b>Proverbios 21:20<\/b><b>)<\/b><\/li><li><b>Estudiar en lugar de distraerse: <\/b>En vez de pasar horas en redes sociales o entretenimiento, dedicas tiempo al estudio, sabiendo que el conocimiento te abrir\u00e1 puertas m\u00e1s adelante.<\/li><li><b>Resolver conflictos con paciencia: <\/b>En lugar de responder con enojo, esperas el momento adecuado para dialogar. <b>(<\/b><b>Proverbios 14:29<\/b><b>)<\/b><\/li><\/ul><h5><b>Ejemplos <\/b><b>b\u00edblicos<\/b><\/h5><ul><li><b>Abraham y Sara (G\u00e9nesis 17:15-22): <\/b>Dios prometi\u00f3 a Abraham un hijo, pero pasaron a\u00f1os antes de ver el cumplimiento. Aunque hubo tropiezos en su espera, Abraham aprendi\u00f3 a confiar. <b>Lecci\u00f3n:<\/b> La fe verdadera se mantiene firme, aunque el cumplimiento tarde. <b>(Habacuc 2:3)<\/b><\/li><li><b>Jos\u00e9 (G\u00e9nesis 39:7-20): <\/b>Rechaz\u00f3 los placeres del pecado y soport\u00f3 a\u00f1os de injusticia antes de ser exaltado.. <b>Lecci\u00f3n:<\/b> La gratificaci\u00f3n aplazada lo llev\u00f3 del calabozo al palacio.<\/li><li><b>Daniel (Daniel 1:3-15): <\/b>Rechaz\u00f3 los manjares del rey y se mantuvo fiel, recibiendo sabidur\u00eda y favor de Dios. <b>Lecci\u00f3n:<\/b> La disciplina espiritual trae honra duradera.<\/li><li><b>David (1 Samuel 26:5-11): <\/b>Tuvo oportunidades de matar a Sa\u00fal, pero esper\u00f3 que Dios lo pusiera como rey en Su tiempo. <b>Lecci\u00f3n:<\/b> El dominio propio y la paciencia preservaron su destino.<\/li><li><b>No\u00e9 (G\u00e9nesis 6\u20138): <\/b>Esper\u00f3 m\u00e1s de 100 a\u00f1os construyendo el arca hasta que comenz\u00f3 el diluvio.<b> Lecci\u00f3n:<\/b> La obediencia a largo plazo trae salvaci\u00f3n y bendici\u00f3n.<\/li><\/ul><p>Los 613 preceptos de la Ley, por definici\u00f3n nos ense\u00f1an disciplina y autocontrol; esto es especialmente cierto en las leyes que tienen que ver con las relaciones prohibidas y las leyes de la dieta alimenticia. Y no s\u00f3lo nos ense\u00f1an te\u00f3ricamente, sino que m\u00e1s importante a\u00fan, nos fuerzan a poner en pr\u00e1ctica constantemente estos importantes conceptos. <b>(Santiago 1:12-14)<\/b><\/p><p>La implicaci\u00f3n es que si algo por definici\u00f3n es placentero ahora \u2014de manera instant\u00e1nea\u2014, entonces no puede ser placentero en el largo plazo. La consecuencia inevitable de la gratificaci\u00f3n instant\u00e1nea es la sensaci\u00f3n de vac\u00edo o depresi\u00f3n. Rashi nos est\u00e1 ense\u00f1ando que una de las ideas claves que precedieron la entrega de la Tor\u00e1 es la idea de la gratificaci\u00f3n aplazada. Aceptar ahora, para disfrutar de los frutos en el futuro. (<b>1 Pedro 1:3-9, 13-16<\/b>)<\/p><blockquote><p><i>\u00ab&#8230; <\/i><i>Aquellos<\/i><i> que son <\/i><i>pacientes<\/i><i> (<\/i><i>perseverando<\/i> <i>en<\/i><i> la <\/i><i>adversidad<\/i><i>, <\/i><i>venerando<\/i><i> a Dios, y <\/i><i>absteni\u00e9ndose<\/i><i> de los <\/i><i>pecados<\/i><i>) sin <\/i><i>duda<\/i> <i>recibir\u00e1n<\/i> <i>su<\/i> <i>recompensa<\/i><i> sin <\/i><i>medida<\/i><i>\u00bb<\/i><\/p><\/blockquote><p>El aplazamiento de la gratificaci\u00f3n permite a la gente administrar su tiempo, sus metas, tareas y responsabilidades, todas las cuales son llaves del \u00e9xito. La gente que resiste sus deseos tiene verdadera libertad y consiguen dar sentido real a sus vidas. Esto permite realmente que los individuos tengan control sobre s\u00ed mismos, y puedan dirigir sus vidas. Desde este punto de vista, el aplazamiento de la gratificaci\u00f3n, como atributo psicol\u00f3gico de la personalidad y tambi\u00e9n como medio de instrucci\u00f3n religiosa, demuestra ser un principio esencial de la felicidad en este mundo y en el venidero. <b>(Hebreos 10:35-37, Santiago 5:7-12)<\/b><\/p><p>\u00a0<\/p><h2 style=\"text-align: center;\"><strong><span style=\"color: #000000;\">CONCLUSI\u00d3N<\/span><\/strong><\/h2><p>El deseo de gratificaci\u00f3n instant\u00e1nea es un sintoma de una mente que carece de control de sus impulsos y emociones; es un enemigo de la paciencia que quebranta los objetivos a largo plazo, se burla de la responsabilidad y atenta contra ella. Demorar la gratificaci\u00f3n es un principio que se aprende; es una habilidad de la vida que nos ayuda a manejar las situaciones y las presiones, especialmente las tentaciones que el mundo nos ofrece. <b>(1 Juan 2:16).<\/b><\/p><p>Para tener \u00e9xito, las personas deben posponer a voluntad la gratificaci\u00f3n inmediata y persistir en el logro de los objetivos que les conduzcan a resultados posteriores. De modo que probablemente no viviremos mejor si tenemos que gratificar al instante cada uno de nuestros impulsos, esta idea no es popular en un mundo construido sobre la idea de las soluciones r\u00e1pidas.<\/p>\t\t\t\t\t\t\t\t<\/div>\n\t\t\t\t<\/div>\n\t\t\t\t\t<\/div>\n\t\t<\/div>\n\t\t\t\t\t<\/div>\n\t\t<\/section>\n\t\t\t\t<section class=\"elementor-section elementor-top-section elementor-element elementor-element-470d991 elementor-section-boxed elementor-section-height-default elementor-section-height-default\" data-id=\"470d991\" data-element_type=\"section\" data-e-type=\"section\">\n\t\t\t\t\t\t<div class=\"elementor-container elementor-column-gap-default\">\n\t\t\t\t\t<div class=\"elementor-column elementor-col-100 elementor-top-column elementor-element elementor-element-4f1b7f2\" data-id=\"4f1b7f2\" data-element_type=\"column\" data-e-type=\"column\">\n\t\t\t<div class=\"elementor-widget-wrap elementor-element-populated\">\n\t\t\t\t\t\t<div class=\"elementor-element elementor-element-4b2fa37 elementor-align-center elementor-widget elementor-widget-button\" data-id=\"4b2fa37\" data-element_type=\"widget\" data-e-type=\"widget\" data-widget_type=\"button.default\">\n\t\t\t\t<div class=\"elementor-widget-container\">\n\t\t\t\t\t\t\t\t\t<div class=\"elementor-button-wrapper\">\n\t\t\t\t\t<a class=\"elementor-button elementor-button-link elementor-size-sm\" href=\"https:\/\/iidsech.com\/index.php\/predicaciones\/\">\n\t\t\t\t\t\t<span class=\"elementor-button-content-wrapper\">\n\t\t\t\t\t\t<span class=\"elementor-button-icon\">\n\t\t\t\t<i aria-hidden=\"true\" class=\"fas fa-angle-double-left\"><\/i>\t\t\t<\/span>\n\t\t\t\t\t\t\t\t\t<span class=\"elementor-button-text\">REGRESAR<\/span>\n\t\t\t\t\t<\/span>\n\t\t\t\t\t<\/a>\n\t\t\t\t<\/div>\n\t\t\t\t\t\t\t\t<\/div>\n\t\t\t\t<\/div>\n\t\t\t\t\t<\/div>\n\t\t<\/div>\n\t\t\t\t\t<\/div>\n\t\t<\/section>\n\t\t\t\t<\/div>\n\t\t","protected":false},"excerpt":{"rendered":"<p>Gratificaci\u00f3n instant\u00e1nea vs Gratificaci\u00f3n aplazada Realizado Por: Diac. Noe Martinez C. Categor\u00eda: Fortaleza, Fe Fecha: Nov, 2025 INTRODUCCI\u00d3N \u00a0 \u00bfQue es gratificaci\u00f3n? Cosa material o inmaterial que se concede a una persona y le causa satisfacci\u00f3n o complacencia. Cantidad de dinero u otra cosa que da una persona a otra como recompensa o agradecimiento por&#8230;<\/p>\n","protected":false},"author":1,"featured_media":0,"parent":14266,"menu_order":0,"comment_status":"closed","ping_status":"closed","template":"elementor_header_footer","meta":{"om_disable_all_campaigns":false,"_tbt_post_transparent":"","_tbt_post_title":"default","_tbt_post_layout":"default","_tbt_post_sidebar_id":"","_tbt_post_content_style":"unboxed","_tbt_post_vertical_padding":"hide","_tbt_post_feature":"hide","_tbt_post_feature_position":"","_tbt_post_header":false,"_tbt_post_footer":false,"_mc_calendar":[]},"class_list":["post-17040","page","type-page","status-publish","hentry"],"aioseo_notices":[],"_links":{"self":[{"href":"https:\/\/iidsech.com\/index.php\/wp-json\/wp\/v2\/pages\/17040","targetHints":{"allow":["GET"]}}],"collection":[{"href":"https:\/\/iidsech.com\/index.php\/wp-json\/wp\/v2\/pages"}],"about":[{"href":"https:\/\/iidsech.com\/index.php\/wp-json\/wp\/v2\/types\/page"}],"author":[{"embeddable":true,"href":"https:\/\/iidsech.com\/index.php\/wp-json\/wp\/v2\/users\/1"}],"replies":[{"embeddable":true,"href":"https:\/\/iidsech.com\/index.php\/wp-json\/wp\/v2\/comments?post=17040"}],"version-history":[{"count":7,"href":"https:\/\/iidsech.com\/index.php\/wp-json\/wp\/v2\/pages\/17040\/revisions"}],"predecessor-version":[{"id":17074,"href":"https:\/\/iidsech.com\/index.php\/wp-json\/wp\/v2\/pages\/17040\/revisions\/17074"}],"up":[{"embeddable":true,"href":"https:\/\/iidsech.com\/index.php\/wp-json\/wp\/v2\/pages\/14266"}],"wp:attachment":[{"href":"https:\/\/iidsech.com\/index.php\/wp-json\/wp\/v2\/media?parent=17040"}],"curies":[{"name":"wp","href":"https:\/\/api.w.org\/{rel}","templated":true}]}}