{"id":16483,"date":"2025-07-26T01:56:45","date_gmt":"2025-07-26T07:56:45","guid":{"rendered":"https:\/\/iidsech.com\/?page_id=16483"},"modified":"2025-07-26T01:58:37","modified_gmt":"2025-07-26T07:58:37","slug":"roma-o-jerusalem","status":"publish","type":"page","link":"https:\/\/iidsech.com\/index.php\/estudios_base\/roma-o-jerusalem\/","title":{"rendered":"Roma o Jerusalem"},"content":{"rendered":"\t\t<div data-elementor-type=\"wp-page\" data-elementor-id=\"16483\" class=\"elementor elementor-16483\">\n\t\t\t\t\t\t<div class=\"elementor-section elementor-top-section elementor-element elementor-element-346406e videothumb elementor-section-stretched elementor-section-boxed elementor-section-height-default elementor-section-height-default\" data-id=\"346406e\" data-element_type=\"section\" data-e-type=\"section\" data-settings=\"{&quot;stretch_section&quot;:&quot;section-stretched&quot;,&quot;background_background&quot;:&quot;classic&quot;}\">\n\t\t\t\t\t\t<div class=\"elementor-container elementor-column-gap-default\">\n\t\t\t\t\t<div class=\"elementor-column elementor-col-100 elementor-top-column elementor-element elementor-element-1246ba2\" data-id=\"1246ba2\" data-element_type=\"column\" data-e-type=\"column\">\n\t\t\t<div class=\"elementor-widget-wrap elementor-element-populated\">\n\t\t\t\t\t\t<div class=\"elementor-section elementor-inner-section elementor-element elementor-element-71182e2 elementor-section-full_width elementor-section-height-default elementor-section-height-default\" data-id=\"71182e2\" data-element_type=\"section\" data-e-type=\"section\">\n\t\t\t\t\t\t<div class=\"elementor-container elementor-column-gap-no\">\n\t\t\t\t\t<div class=\"elementor-column elementor-col-100 elementor-inner-column elementor-element elementor-element-2ab3072\" data-id=\"2ab3072\" data-element_type=\"column\" data-e-type=\"column\" data-settings=\"{&quot;background_background&quot;:&quot;classic&quot;}\">\n\t\t\t<div class=\"elementor-widget-wrap\">\n\t\t\t\t\t\t\t<\/div>\n\t\t<\/div>\n\t\t\t\t\t<\/div>\n\t\t<\/div>\n\t\t\t\t\t<\/div>\n\t\t<\/div>\n\t\t\t\t\t<\/div>\n\t\t<\/div>\n\t\t\t\t<section class=\"elementor-section elementor-top-section elementor-element elementor-element-fbc7992 elementor-section-boxed elementor-section-height-default elementor-section-height-default\" data-id=\"fbc7992\" data-element_type=\"section\" data-e-type=\"section\">\n\t\t\t\t\t\t<div class=\"elementor-container elementor-column-gap-default\">\n\t\t\t\t\t<div class=\"elementor-column elementor-col-100 elementor-top-column elementor-element elementor-element-d81a8cb\" data-id=\"d81a8cb\" data-element_type=\"column\" data-e-type=\"column\">\n\t\t\t<div class=\"elementor-widget-wrap elementor-element-populated\">\n\t\t\t\t\t\t<div class=\"elementor-element elementor-element-d4808f1 elementor-position-top elementor-invisible elementor-widget elementor-widget-image-box\" data-id=\"d4808f1\" data-element_type=\"widget\" data-e-type=\"widget\" data-settings=\"{&quot;_animation&quot;:&quot;slideInDown&quot;}\" data-widget_type=\"image-box.default\">\n\t\t\t\t<div class=\"elementor-widget-container\">\n\t\t\t\t\t<div class=\"elementor-image-box-wrapper\"><figure class=\"elementor-image-box-img\"><img fetchpriority=\"high\" decoding=\"async\" width=\"2304\" height=\"1536\" src=\"https:\/\/iidsech.com\/wp-content\/uploads\/2023\/07\/roma_banner.jpg\" class=\"elementor-animation-skew-forward attachment-full size-full wp-image-13660\" alt=\"\" srcset=\"https:\/\/iidsech.com\/wp-content\/uploads\/2023\/07\/roma_banner.jpg 2304w, https:\/\/iidsech.com\/wp-content\/uploads\/2023\/07\/roma_banner-600x400.jpg 600w, https:\/\/iidsech.com\/wp-content\/uploads\/2023\/07\/roma_banner-300x200.jpg 300w, https:\/\/iidsech.com\/wp-content\/uploads\/2023\/07\/roma_banner-1024x683.jpg 1024w, https:\/\/iidsech.com\/wp-content\/uploads\/2023\/07\/roma_banner-768x512.jpg 768w, https:\/\/iidsech.com\/wp-content\/uploads\/2023\/07\/roma_banner-1536x1024.jpg 1536w, https:\/\/iidsech.com\/wp-content\/uploads\/2023\/07\/roma_banner-2048x1365.jpg 2048w\" sizes=\"(max-width: 2304px) 100vw, 2304px\" \/><\/figure><div class=\"elementor-image-box-content\"><h1 class=\"elementor-image-box-title\">\u00bfROMA O JERUSAL\u00c9N?<\/h1><p class=\"elementor-image-box-description\">Realizado Por: <font color=\"#dea447\">Min. A. Rub\u00e9n Romero M.<\/font> \nCategor\u00eda: <span style=\"color:#000000\"><a href=\"https:\/\/iidsech.com\/index.php\/estudios_base\/\">Base doctrinal<\/a>.<\/span> Fecha:<span style=\"color:#dea447\">  Feb, 2017<\/span><\/p><\/div><\/div>\t\t\t\t<\/div>\n\t\t\t\t<\/div>\n\t\t\t\t<div class=\"elementor-element elementor-element-f277c3d elementor-widget elementor-widget-text-editor\" data-id=\"f277c3d\" data-element_type=\"widget\" data-e-type=\"widget\" data-widget_type=\"text-editor.default\">\n\t\t\t\t<div class=\"elementor-widget-container\">\n\t\t\t\t\t\t\t\t\t<p>Recuerdo hoy lo que Lucas escribi\u00f3 de un hecho en la vida de San Pablo:\u00a0 &#8220;Entonces hubo un alboroto no peque\u00f1o cerca del camino.<\/p><p>Porque un Platero llamado Demetrio, el cual hac\u00eda de plata templecillos, de Diana, daba a los art\u00edfices no pocas ganancias; a los cuales, reunidos con los oficiales de semejante oficio, dijo: varones, sab\u00e9is que de este oficio tenemos ganancias; y veis y o\u00eds que este Pablo no solamente en \u00c9feso, si no a muchas gentes de casi toda el Asia, ha apartado con persuasi\u00f3n, diciendo que no son dioses los que se hacen con las manos.<\/p><p>Y no solamente hay peligro de que este negocio se nos vuelva en reproche, sino tambi\u00e9n el que el templo de la gran diosa Diana sea estimado en nada y comience a ser destruida su majestuosidad la cual honra toda el Asia y el mundo.\u00a0<strong>Hechos 19 = 23-27<\/strong><\/p><p>Y en estos d\u00edas veo a grandes multitudes para honrar a una imagen, cuya procedencia aun los mismos prelados de la Iglesia Cat\u00f3lica han dado a conocer las falsedades que hay detr\u00e1s de ella.<\/p><p>Y lamentablemente nuestro pueblo se suma en esta idolatr\u00eda y retardan por siglos el avance \u00e9tico, moral y espiritual, que cambiara la situaci\u00f3n de nuestra sociedad.<\/p><p>Veamos pues por qu\u00e9 se ha abandonado la doctrina del Dios Omnipotente por esta mezcla de ideas del cristianismo, la mitolog\u00eda greco-romana y la idolatr\u00eda ind\u00edgena de nuestro pa\u00eds.<\/p><p>El ap\u00f3stol Pablo nos dice, como desde el principio del cristianismo como se corrompe la verdad: &#8220;Por tanto mirad por\u00a0vosotros y por todo el reba\u00f1o en el que al esp\u00edritu santo os ha puesto por obispos para apacentar a la iglesia del Se\u00f1or, lo cual gano por su sangre porque yo s\u00e9 que despu\u00e9s de mi partida entraran entre nosotros lobos rapaces que no perdonaran al ganado: y de nosotros mimos se levantaran hombres que hablen cosas perversas para llevar disc\u00edpulos tras de s\u00ed.\u00a0<strong>Hechos 20 = 28-30<\/strong><\/p><p>Recordamos que el Evangelio consiste en: &#8220;o\u00edr la voz de Dios para guardad sus estatutos, mandamientos preceptos y leyes que ordeno para santificaci\u00f3n de sus elegidos tanto jud\u00edos como Gentiles.<\/p><p>Pero los padres de la iglesia romana en su desarrollo hist\u00f3rico van borrando el principio doctrinal de Dios y con el apoyo del emperador Constantino, Atanacio en el concilio de Nicea en duelo verbal con el Dr. Arrio establece la doctrina Mariana, Maria como madre de Dios, y se establece la supremac\u00eda de los altos prelados de la iglesia en materia de doctrina, pasando sobre los postulados del Dios de Israel por esa raz\u00f3n se pierde el sello original de la iglesia que ense\u00f1a el ap\u00f3stol Pablo de la siguiente manera:<\/p><p>&#8220;Que son israelitas, de los cuales es la adopci\u00f3n, y la gloria, y el pacto, y la data de la ley, y el culto, y las promesas; Cuyos son los padres, y de los cuales es Cristo seg\u00fan la carne, el cual es Dios sobre todas las cosas, bendito por los siglos. Am\u00e9n&#8221;\u00a0<strong>Romanos 9 = 4-5<\/strong><\/p><p>&#8220;Por qu\u00e9 a vosotros hablo gentiles. Por lo cuanto yo soy el ap\u00f3stol de los gentiles, mi ministerio honro&#8221;<\/p><p>Por si en alguna forma provocase a celo a mi carne e hiciese salvos a algunos de ellos, porque si al extra\u00f1amiento de ellos\u00a0es la reconciliaci\u00f3n del mundo, \u00bfQue ser\u00e1 al recibimiento de ellos sino vida de los muertos?<\/p><p>Y si al primer fruto es santo tambi\u00e9n lo de \u00e9l todo, y si la ra\u00edz es santa tambi\u00e9n lo son las ramas.<\/p><p>Que si algunas de las ramas fueron quebradas y tu siendo acebuche has sido ingerido en el lugar de ellos y has sido hecho participante de la ra\u00edz y de la grosura de la diva; y no te jactes, sabe que no sustentas tu a la ra\u00edz, sino la ra\u00edz a ti.<\/p><p>Pues las ramas, dir\u00e1s fueron quebradas para que yo fuera ingerido. Bien: que por su incredulidad fueron quebradas, m\u00e1s tu por la Fe estas en pie, no te ensoberbezcas antes teme; que si Dios no perdono las ramas naturales a ti tampoco no perdone&#8221;\u00a0<strong>Romanos 11 = 13-21<\/strong><\/p><p>As\u00ed que Dios no cambia, ni elige a Roma desechando a Israel y es el Cristo del Dios de Israel al que nos lleva a formar parte de su pueblo y de su doctrina.<\/p><p>&#8220;Por tanto, acordaos que en otro tiempo vosotros los Gentiles en la carne, que erais llamados incircuncisi\u00f3n por la que se llama circuncisi\u00f3n, hecha con mano en la carne;<\/p><p>Que en aquel tiempo estabais sin Cristo, alejados de la rep\u00fablica de Israel, y extranjeros a los pactos de la promesa, sin esperanza y sin Dios en el mundo.<\/p><p>Mas ahora en Cristo Jes\u00fas, vosotros que en otro tiempo estabais lejos, hab\u00e9is sido hechos cercanos por la sangre de Cristo.<\/p><p>Porque \u00e9l es nuestra paz, que de ambos hizo uno, derribando la pared intermedia de separaci\u00f3n;\u00a0Dirimiendo en su carne las enemistades, la ley de los mandamientos en orden a ritos, para edificar en s\u00ed mismo los dos en un nuevo hombre, haciendo la paz,\u00a0Y reconciliar por la cruz con Dios a ambos en un mismo cuerpo, matando en ella las enemistades.<\/p><p>Y vino, y anunci\u00f3 la paz a vosotros que estabais lejos, y a los que estaban cerca:\u00a0Que por \u00e9l los unos y los otros tenemos entrada por un mismo Esp\u00edritu al Padre.\u00a0As\u00ed que ya no sois extranjeros ni advenedizos, sino juntamente ciudadanos con los santos, y dom\u00e9sticos de Dios\u201d.\u00a0<strong>Efesios 2 = 11 &#8211; 19<\/strong><\/p><p>As\u00ed que Cristo no nos llev\u00f3 por el camino de Roma, sino por el camino de Jerusal\u00e9n.<\/p><p>A todo esto, agrega al ap\u00f3stol Amado:\u00a0\u201cLeyendo lo cual pod\u00e9is entender cu\u00e1l sea mi inteligencia en el misterio de Cristo:\u00a0El cual misterio en los otros siglos no se dio a conocer a los hijos de los hombres como ahora es revelado a sus santos ap\u00f3stoles y profetas en el Esp\u00edritu:\u00a0Que los Gentiles sean juntamente herederos, \u00e9 incorporados, y consortes de su promesa en Cristo por el evangelio\u201d.\u00a0<strong>Efesios 3 = 4-6<\/strong><\/p><p>As\u00ed pues, el camino romano, no solo lleva a los creyentes al culto mariano, si no a la adoraci\u00f3n de millares de santos hechos de im\u00e1genes y que nos hacen recordar el mandamiento de Dios<\/p><p>\u201cNo te har\u00e1s imagen, ni ninguna semejanza de cosa que est\u00e9 arriba en el cielo, ni abajo en la tierra, ni en las aguas debajo de la tierra:\u00a0No te inclinar\u00e1s a ellas, ni las honrar\u00e1s; porque yo soy Jehov\u00e1 tu Dios, fuerte, celoso, que visito la maldad de los padres sobre los hijos, sobre los terceros y sobre los cuartos, a los que me aborrecen,\u00a0Y que hago misericordia en millares a los que me aman, y guardan mis mandamientos.\u201d\u00a0<strong>\u00c9xodo 20 = 4-6<\/strong><\/p><p>E Isa\u00edas dice:\u00a0 &#8220;Quien formo a un Dios o quien funda una estatua que para nada es de provecho?&#8221;\u00a0<strong>Isa\u00edas 44 =10<\/strong><\/p><p>\u201cY torna su sobrante en un dios, en su escultura; humillase delante de ella, ad\u00f3rala, y ru\u00e9gale diciendo: L\u00edbrame, que mi dios eres t\u00fa.\u00a0No supieron ni entendieron: porque encostrados est\u00e1n sus ojos para no ver, y su coraz\u00f3n para no entender.\u201d\u00a0<strong>Isa\u00edas 44 = 17-18<\/strong><\/p><p>Finalmente en conclusi\u00f3n, vemos que no solo el culto Mariano sino tambi\u00e9n el que est\u00e1 establecido para celebraci\u00f3n de los millares de Santos que rebasan los 365 d\u00edas del a\u00f1o sumen en la idolatr\u00eda e ignorancia al amado pueblo de M\u00e9xico.<\/p>\t\t\t\t\t\t\t\t<\/div>\n\t\t\t\t<\/div>\n\t\t\t\t\t<\/div>\n\t\t<\/div>\n\t\t\t\t\t<\/div>\n\t\t<\/section>\n\t\t\t\t<section class=\"elementor-section elementor-top-section elementor-element elementor-element-470d991 elementor-section-boxed elementor-section-height-default elementor-section-height-default\" data-id=\"470d991\" data-element_type=\"section\" data-e-type=\"section\">\n\t\t\t\t\t\t<div class=\"elementor-container elementor-column-gap-default\">\n\t\t\t\t\t<div class=\"elementor-column elementor-col-100 elementor-top-column elementor-element elementor-element-4f1b7f2\" data-id=\"4f1b7f2\" data-element_type=\"column\" data-e-type=\"column\">\n\t\t\t<div class=\"elementor-widget-wrap elementor-element-populated\">\n\t\t\t\t\t\t<div class=\"elementor-element elementor-element-4b2fa37 elementor-align-center elementor-widget elementor-widget-button\" data-id=\"4b2fa37\" data-element_type=\"widget\" data-e-type=\"widget\" data-widget_type=\"button.default\">\n\t\t\t\t<div class=\"elementor-widget-container\">\n\t\t\t\t\t\t\t\t\t<div class=\"elementor-button-wrapper\">\n\t\t\t\t\t<a class=\"elementor-button elementor-button-link elementor-size-sm\" href=\"https:\/\/iidsech.com\/index.php\/estudios_base\/\">\n\t\t\t\t\t\t<span class=\"elementor-button-content-wrapper\">\n\t\t\t\t\t\t<span class=\"elementor-button-icon\">\n\t\t\t\t<i aria-hidden=\"true\" class=\"fas fa-angle-double-left\"><\/i>\t\t\t<\/span>\n\t\t\t\t\t\t\t\t\t<span class=\"elementor-button-text\">REGRESAR<\/span>\n\t\t\t\t\t<\/span>\n\t\t\t\t\t<\/a>\n\t\t\t\t<\/div>\n\t\t\t\t\t\t\t\t<\/div>\n\t\t\t\t<\/div>\n\t\t\t\t\t<\/div>\n\t\t<\/div>\n\t\t\t\t\t<\/div>\n\t\t<\/section>\n\t\t\t\t<\/div>\n\t\t","protected":false},"excerpt":{"rendered":"<p>\u00bfROMA O JERUSAL\u00c9N? Realizado Por: Min. A. Rub\u00e9n Romero M. Categor\u00eda: Base doctrinal. Fecha: Feb, 2017 Recuerdo hoy lo que Lucas escribi\u00f3 de un hecho en la vida de San Pablo:\u00a0 &#8220;Entonces hubo un alboroto no peque\u00f1o cerca del camino. Porque un Platero llamado Demetrio, el cual hac\u00eda de plata templecillos, de Diana, daba a&#8230;<\/p>\n","protected":false},"author":1,"featured_media":0,"parent":9097,"menu_order":0,"comment_status":"closed","ping_status":"closed","template":"elementor_header_footer","meta":{"om_disable_all_campaigns":false,"_tbt_post_transparent":"","_tbt_post_title":"default","_tbt_post_layout":"default","_tbt_post_sidebar_id":"","_tbt_post_content_style":"unboxed","_tbt_post_vertical_padding":"hide","_tbt_post_feature":"hide","_tbt_post_feature_position":"","_tbt_post_header":false,"_tbt_post_footer":false,"_mc_calendar":[]},"class_list":["post-16483","page","type-page","status-publish","hentry"],"aioseo_notices":[],"_links":{"self":[{"href":"https:\/\/iidsech.com\/index.php\/wp-json\/wp\/v2\/pages\/16483","targetHints":{"allow":["GET"]}}],"collection":[{"href":"https:\/\/iidsech.com\/index.php\/wp-json\/wp\/v2\/pages"}],"about":[{"href":"https:\/\/iidsech.com\/index.php\/wp-json\/wp\/v2\/types\/page"}],"author":[{"embeddable":true,"href":"https:\/\/iidsech.com\/index.php\/wp-json\/wp\/v2\/users\/1"}],"replies":[{"embeddable":true,"href":"https:\/\/iidsech.com\/index.php\/wp-json\/wp\/v2\/comments?post=16483"}],"version-history":[{"count":4,"href":"https:\/\/iidsech.com\/index.php\/wp-json\/wp\/v2\/pages\/16483\/revisions"}],"predecessor-version":[{"id":16487,"href":"https:\/\/iidsech.com\/index.php\/wp-json\/wp\/v2\/pages\/16483\/revisions\/16487"}],"up":[{"embeddable":true,"href":"https:\/\/iidsech.com\/index.php\/wp-json\/wp\/v2\/pages\/9097"}],"wp:attachment":[{"href":"https:\/\/iidsech.com\/index.php\/wp-json\/wp\/v2\/media?parent=16483"}],"curies":[{"name":"wp","href":"https:\/\/api.w.org\/{rel}","templated":true}]}}