{"id":13700,"date":"2023-08-02T20:36:48","date_gmt":"2023-08-03T01:36:48","guid":{"rendered":"https:\/\/iidsech.com\/?page_id=13700"},"modified":"2023-08-03T01:30:07","modified_gmt":"2023-08-03T06:30:07","slug":"el-pecado","status":"publish","type":"page","link":"https:\/\/iidsech.com\/index.php\/estudios_base\/el-pecado\/","title":{"rendered":"El Pecado"},"content":{"rendered":"\t\t<div data-elementor-type=\"wp-page\" data-elementor-id=\"13700\" class=\"elementor elementor-13700\">\n\t\t\t\t\t\t<div class=\"elementor-section elementor-top-section elementor-element elementor-element-346406e videothumb elementor-section-stretched elementor-section-boxed elementor-section-height-default elementor-section-height-default\" data-id=\"346406e\" data-element_type=\"section\" data-e-type=\"section\" data-settings=\"{&quot;stretch_section&quot;:&quot;section-stretched&quot;,&quot;background_background&quot;:&quot;classic&quot;}\">\n\t\t\t\t\t\t<div class=\"elementor-container elementor-column-gap-default\">\n\t\t\t\t\t<div class=\"elementor-column elementor-col-100 elementor-top-column elementor-element elementor-element-1246ba2\" data-id=\"1246ba2\" data-element_type=\"column\" data-e-type=\"column\">\n\t\t\t<div class=\"elementor-widget-wrap elementor-element-populated\">\n\t\t\t\t\t\t<div class=\"elementor-section elementor-inner-section elementor-element elementor-element-71182e2 elementor-section-full_width elementor-section-height-default elementor-section-height-default\" data-id=\"71182e2\" data-element_type=\"section\" data-e-type=\"section\">\n\t\t\t\t\t\t<div class=\"elementor-container elementor-column-gap-no\">\n\t\t\t\t\t<div class=\"elementor-column elementor-col-100 elementor-inner-column elementor-element elementor-element-2ab3072\" data-id=\"2ab3072\" data-element_type=\"column\" data-e-type=\"column\" data-settings=\"{&quot;background_background&quot;:&quot;classic&quot;}\">\n\t\t\t<div class=\"elementor-widget-wrap elementor-element-populated\">\n\t\t\t\t\t\t<div class=\"elementor-element elementor-element-d4808f1 elementor-position-top elementor-invisible elementor-widget elementor-widget-image-box\" data-id=\"d4808f1\" data-element_type=\"widget\" data-e-type=\"widget\" data-settings=\"{&quot;_animation&quot;:&quot;slideInDown&quot;}\" data-widget_type=\"image-box.default\">\n\t\t\t\t<div class=\"elementor-widget-container\">\n\t\t\t\t\t<div class=\"elementor-image-box-wrapper\"><figure class=\"elementor-image-box-img\"><img fetchpriority=\"high\" decoding=\"async\" width=\"2560\" height=\"1707\" src=\"https:\/\/iidsech.com\/wp-content\/uploads\/2023\/08\/andreas-bodemer-mqVgjHZdEd8-unsplash-scaled.jpg\" class=\"elementor-animation-skew-forward attachment-full size-full wp-image-13750\" alt=\"\" srcset=\"https:\/\/iidsech.com\/wp-content\/uploads\/2023\/08\/andreas-bodemer-mqVgjHZdEd8-unsplash-scaled.jpg 2560w, https:\/\/iidsech.com\/wp-content\/uploads\/2023\/08\/andreas-bodemer-mqVgjHZdEd8-unsplash-scaled-600x400.jpg 600w, https:\/\/iidsech.com\/wp-content\/uploads\/2023\/08\/andreas-bodemer-mqVgjHZdEd8-unsplash-300x200.jpg 300w, https:\/\/iidsech.com\/wp-content\/uploads\/2023\/08\/andreas-bodemer-mqVgjHZdEd8-unsplash-1024x683.jpg 1024w, https:\/\/iidsech.com\/wp-content\/uploads\/2023\/08\/andreas-bodemer-mqVgjHZdEd8-unsplash-768x512.jpg 768w, https:\/\/iidsech.com\/wp-content\/uploads\/2023\/08\/andreas-bodemer-mqVgjHZdEd8-unsplash-1536x1024.jpg 1536w, https:\/\/iidsech.com\/wp-content\/uploads\/2023\/08\/andreas-bodemer-mqVgjHZdEd8-unsplash-2048x1365.jpg 2048w\" sizes=\"(max-width: 2560px) 100vw, 2560px\" \/><\/figure><div class=\"elementor-image-box-content\"><h1 class=\"elementor-image-box-title\">EL PECADO<\/h1><p class=\"elementor-image-box-description\">Realizado Por: <font color=\"#dea447\">Min. A. Rub\u00e9n Romero M.<\/font> \nCategor\u00eda: <span style=\"color:#000000\"><a href=\"https:\/\/iidsech.com\/index.php\/estudios_base\/\">Base doctrinal<\/a>.<\/span> Fecha:<span style=\"color:#dea447\">  Feb, 2017<\/span><\/p><\/div><\/div>\t\t\t\t<\/div>\n\t\t\t\t<\/div>\n\t\t\t\t\t<\/div>\n\t\t<\/div>\n\t\t\t\t\t<\/div>\n\t\t<\/div>\n\t\t\t\t\t<\/div>\n\t\t<\/div>\n\t\t\t\t\t<\/div>\n\t\t<\/div>\n\t\t\t\t<section class=\"elementor-section elementor-top-section elementor-element elementor-element-fbc7992 elementor-section-boxed elementor-section-height-default elementor-section-height-default\" data-id=\"fbc7992\" data-element_type=\"section\" data-e-type=\"section\">\n\t\t\t\t\t\t<div class=\"elementor-container elementor-column-gap-default\">\n\t\t\t\t\t<div class=\"elementor-column elementor-col-100 elementor-top-column elementor-element elementor-element-d81a8cb\" data-id=\"d81a8cb\" data-element_type=\"column\" data-e-type=\"column\">\n\t\t\t<div class=\"elementor-widget-wrap elementor-element-populated\">\n\t\t\t\t\t\t<div class=\"elementor-element elementor-element-f277c3d elementor-widget elementor-widget-text-editor\" data-id=\"f277c3d\" data-element_type=\"widget\" data-e-type=\"widget\" data-widget_type=\"text-editor.default\">\n\t\t\t\t<div class=\"elementor-widget-container\">\n\t\t\t\t\t\t\t\t\t<p><b style=\"letter-spacing: 0px;\">INTRODUCCI\u00d3N<\/b><\/p><p>\u00a0<\/p><p>A lo largo del desarrollo de la humanidad, han surgido diversas corrientes filos\u00f3ficas que intentan eximir al hombre de la noci\u00f3n del <b>PECADO<\/b>. Estas corrientes promueven una falsa libertad donde se permite y justifica cualquier acci\u00f3n en la vida, sin considerar las consecuencias. Algunos afirman que el prop\u00f3sito humano es disfrutar de los placeres de la vida, sin afrontar consecuencias. Tambi\u00e9n existen aquellos que siguen reglas pero buscan justificaciones para no cumplirlas. Sin embargo, algunos todav\u00eda comprenden el concepto de reglas (LEY) y las infracciones a estas (PECADO).<\/p><p><b>\u00bfC\u00d3MO SE CONOCEN LOS DOS CAMINOS O C\u00d3MO SE PERDI\u00d3 EL RUMBO INICIAL?<\/b><\/p><p>Esto lo podemos observar en el estudio de las <b>SAGRADAS ESCRITURAS<\/b>, donde en los primeros libros se establece: &#8220;El hombre es malo desde su juventud&#8221;. Entonces, \u00bfqu\u00e9 es el pecado? La respuesta es clara y la encontramos en la Biblia: &#8220;La transgresi\u00f3n de la LEY&#8221;. \u00bfPor qu\u00e9 no es ampliamente conocida esta definici\u00f3n en el mundo? La respuesta es que el mundo no est\u00e1 interesado en vivir bajo reglas u obligaciones; todos buscan ser libres y vivir sin compromisos, persiguiendo placeres, incluso ef\u00edmeros, descuidando su existencia espiritual sin conocerla. El prop\u00f3sito de este estudio es mostrar c\u00f3mo se puede interpretar el concepto de pecado y c\u00f3mo se puede perder la conciencia del pecado.<\/p><p>1.- El Ap\u00f3stol Juan comunica un importante mensaje en su carta: &#8220;El Diablo peca desde el principio&#8221;.<\/p><p><b>1\u00aa JUAN 3:8<\/b><\/p><ol style=\"margin-top: 0cm;\" start=\"2\" type=\"1\"><li>Es necesario saber que el Diablo, siendo el gobernante del mundo, tambi\u00e9n es el soberano del pecado.<\/li><\/ol><p><b>LUCAS 4:5-8, ROMANOS 5:21<\/b><\/p><p>3.- Jesucristo, el Bendito Salvador, es presentado por los Profetas, los Salmos y la Ley como el enviado del Alt\u00edsimo para luchar contra el pecado.<\/p><p><b>MATEO 1:18-21, DANIEL 9:24-27, MATEO 15:24-25, ISA\u00cdAS 53:1-5<\/b><\/p><p>4.- El pueblo de Israel no entendi\u00f3 que Jesucristo les ofrec\u00eda liberarse del pecado. Transgredieron su pacto poco despu\u00e9s de iniciar, y se les proporcion\u00f3 una forma de justificar sus transgresiones mediante leyes de limpieza, at\u00e1ndolos a purificarse anualmente de sus pecados sin obtener una limpieza definitiva.<\/p><p><b>JUAN 8:31-34<\/b><\/p><p>5.- Las doctrinas de varias sectas y ministerios de algunas Iglesias Seudo-Israelitas presentan libros de ense\u00f1anza con el prop\u00f3sito no de comprender la verdad, sino de mantener a las congregaciones con enga\u00f1os y la falsa idea de una salvaci\u00f3n a trav\u00e9s de los siguientes conceptos:<\/p><p><b>A)<\/b> El nacimiento del agua es necesario para que, cuando venga Cristo, se d\u00e9 el nacimiento del Esp\u00edritu. <b>B)<\/b> La perfecci\u00f3n no se logra de una vez; es necesario crecer gradualmente en la observancia de la ley. <b>C)<\/b> Para tener el mismo derecho que el Israelita del &#8220;Israel de Dios&#8221;, se debe recibir el santo bautismo. <b>D)<\/b> El bautismo tiene la misma importancia que la circuncisi\u00f3n en el Antiguo Testamento. <b>E)<\/b> El bautismo es la carta de naturalizaci\u00f3n para ser jud\u00edos espirituales. <b>F)<\/b> El bautismo es la llave para entrar en el Reino de los Cielos. <b>G)<\/b> Se otorga gran importancia a las condiciones de vida de la Iglesia de la Odisea.<\/p><p>6.- Debemos ser cautelosos con las ense\u00f1anzas anteriores, ya que, aunque est\u00e1n escritas en la Biblia, llevan la interpretaci\u00f3n de quienes las predican con un mensaje de enga\u00f1o y falsedad. El mismo Ap\u00f3stol Juan dice con claridad: &#8220;He aqu\u00ed el Cordero de Dios, que quita el pecado del mundo&#8221;.<\/p><p><b>JUAN 1:29<\/b><\/p><p>7.- Jesucristo mismo afirm\u00f3: &#8220;Porque de tal manera am\u00f3 Dios al mundo, que ha dado a su Hijo unig\u00e9nito, para que todo aquel que en \u00e9l cree no se pierda, sino que tenga vida eterna&#8221;.<\/p><p><b>JUAN 3:16<\/b><\/p><ol style=\"margin-top: 0cm;\" start=\"8\" type=\"1\"><li>Es fundamental comprender adecuadamente dos conceptos esenciales en la obra de nuestro Se\u00f1or Jesucristo: <b>EL EVANGELIO<\/b> y el <b>BAUTISMO<\/b>.<\/li><\/ol><p><b>MARCOS 16:15-16<\/b><\/p><p>9.- El primer concepto es crucial para entender c\u00f3mo llegar a ser hijos de Dios.<\/p><p><b>JUAN 1:12-13, JUAN 3:6-8, SANTIAGO 1:17-18<\/b><\/p><p>10.- El segundo concepto ayuda al hombre a comprender el cambio y el renacimiento, pero sin comprensi\u00f3n, el hombre solo puede vivir bajo la ley del pecado.<\/p><p><b>ROMANOS 7:21-25<\/b><\/p><p>11.- El Ap\u00f3stol Pablo, basado en la doctrina de Jesucristo, ense\u00f1a qui\u00e9nes son los que viven seg\u00fan el Esp\u00edritu.<\/p><p><b>ROMANOS 8:1, 8:4, 8:9, 8:14, 8:16, JUAN 4:23-24<\/b><\/p><p>12.- Pablo ense\u00f1a en diferentes formas acerca del cambio, la gracia, la vida carnal y la vida espiritual. Es claro al escribir: &#8220;Pero gracias a Dios que, aunque fuisteis siervos del pecado, hab\u00e9is obedecido de coraz\u00f3n a aquella forma de doctrina a la cual fuisteis encomendados&#8221;.<\/p><p><b>ROMANOS 6:1-7<\/b><\/p><p>13.- \u00bfCu\u00e1l es esa forma de doctrina? Analicemos c\u00f3mo se cumple la afirmaci\u00f3n de Juan acerca de Jesucristo: &#8220;He aqu\u00ed el Cordero de Dios, que quita el pecado del mundo&#8221;.<\/p><p><b>ROMANOS 6:6, HEBREOS 10:12-14, COLOSENSES 2:11-13<\/b><\/p><ol style=\"margin-top: 0cm;\" start=\"14\" type=\"1\"><li>Sin embargo, siempre habr\u00e1 enga\u00f1adores que distorsionen el mensaje de la verdad b\u00edblica.<\/li><\/ol><p><b>1\u00aa JUAN 3:4-9<\/b><\/p><p>Por eso, debemos comprender cu\u00e1l es el prop\u00f3sito de tener una religi\u00f3n, un evangelio, un Se\u00f1or y un Dios. Estos elementos siempre revelan la verdad y el verdadero prop\u00f3sito, al conocer las reglas que, en otro tiempo, gracias al pueblo elegido, nos muestran los errores que debemos evitar. Tanto por el camino del juda\u00edsmo como por el del cristianismo, todos enfrentar\u00e1n juicio, y aquellos que elijan liberarse de las reglas en lugar de liberarse del pecado, recibir\u00e1n retribuci\u00f3n: los primeros, la muerte, y los segundos, la vida.<\/p><p>\u00a0<\/p><p>\u00a0<\/p>\t\t\t\t\t\t\t\t<\/div>\n\t\t\t\t<\/div>\n\t\t\t\t\t<\/div>\n\t\t<\/div>\n\t\t\t\t\t<\/div>\n\t\t<\/section>\n\t\t\t\t<section class=\"elementor-section elementor-top-section elementor-element elementor-element-470d991 elementor-section-boxed elementor-section-height-default elementor-section-height-default\" data-id=\"470d991\" data-element_type=\"section\" data-e-type=\"section\">\n\t\t\t\t\t\t<div class=\"elementor-container elementor-column-gap-default\">\n\t\t\t\t\t<div class=\"elementor-column elementor-col-100 elementor-top-column elementor-element elementor-element-4f1b7f2\" data-id=\"4f1b7f2\" data-element_type=\"column\" data-e-type=\"column\">\n\t\t\t<div class=\"elementor-widget-wrap elementor-element-populated\">\n\t\t\t\t\t\t<div class=\"elementor-element elementor-element-4b2fa37 elementor-align-center elementor-widget elementor-widget-button\" data-id=\"4b2fa37\" data-element_type=\"widget\" data-e-type=\"widget\" data-widget_type=\"button.default\">\n\t\t\t\t<div class=\"elementor-widget-container\">\n\t\t\t\t\t\t\t\t\t<div class=\"elementor-button-wrapper\">\n\t\t\t\t\t<a class=\"elementor-button elementor-button-link elementor-size-sm\" href=\"https:\/\/iidsech.com\/index.php\/estudios_base\/\">\n\t\t\t\t\t\t<span class=\"elementor-button-content-wrapper\">\n\t\t\t\t\t\t<span class=\"elementor-button-icon\">\n\t\t\t\t<i aria-hidden=\"true\" class=\"fas fa-angle-double-left\"><\/i>\t\t\t<\/span>\n\t\t\t\t\t\t\t\t\t<span class=\"elementor-button-text\">REGRESAR<\/span>\n\t\t\t\t\t<\/span>\n\t\t\t\t\t<\/a>\n\t\t\t\t<\/div>\n\t\t\t\t\t\t\t\t<\/div>\n\t\t\t\t<\/div>\n\t\t\t\t\t<\/div>\n\t\t<\/div>\n\t\t\t\t\t<\/div>\n\t\t<\/section>\n\t\t\t\t<\/div>\n\t\t","protected":false},"excerpt":{"rendered":"<p>EL PECADO Realizado Por: Min. A. Rub\u00e9n Romero M. Categor\u00eda: Base doctrinal. Fecha: Feb, 2017 INTRODUCCI\u00d3N \u00a0 A lo largo del desarrollo de la humanidad, han surgido diversas corrientes filos\u00f3ficas que intentan eximir al hombre de la noci\u00f3n del PECADO. Estas corrientes promueven una falsa libertad donde se permite y justifica cualquier acci\u00f3n en la&#8230;<\/p>\n","protected":false},"author":1,"featured_media":0,"parent":9097,"menu_order":0,"comment_status":"closed","ping_status":"closed","template":"elementor_header_footer","meta":{"om_disable_all_campaigns":false,"_tbt_post_transparent":"","_tbt_post_title":"default","_tbt_post_layout":"default","_tbt_post_sidebar_id":"","_tbt_post_content_style":"unboxed","_tbt_post_vertical_padding":"hide","_tbt_post_feature":"hide","_tbt_post_feature_position":"","_tbt_post_header":false,"_tbt_post_footer":false,"_mc_calendar":[]},"class_list":["post-13700","page","type-page","status-publish","hentry"],"aioseo_notices":[],"_links":{"self":[{"href":"https:\/\/iidsech.com\/index.php\/wp-json\/wp\/v2\/pages\/13700","targetHints":{"allow":["GET"]}}],"collection":[{"href":"https:\/\/iidsech.com\/index.php\/wp-json\/wp\/v2\/pages"}],"about":[{"href":"https:\/\/iidsech.com\/index.php\/wp-json\/wp\/v2\/types\/page"}],"author":[{"embeddable":true,"href":"https:\/\/iidsech.com\/index.php\/wp-json\/wp\/v2\/users\/1"}],"replies":[{"embeddable":true,"href":"https:\/\/iidsech.com\/index.php\/wp-json\/wp\/v2\/comments?post=13700"}],"version-history":[{"count":10,"href":"https:\/\/iidsech.com\/index.php\/wp-json\/wp\/v2\/pages\/13700\/revisions"}],"predecessor-version":[{"id":16421,"href":"https:\/\/iidsech.com\/index.php\/wp-json\/wp\/v2\/pages\/13700\/revisions\/16421"}],"up":[{"embeddable":true,"href":"https:\/\/iidsech.com\/index.php\/wp-json\/wp\/v2\/pages\/9097"}],"wp:attachment":[{"href":"https:\/\/iidsech.com\/index.php\/wp-json\/wp\/v2\/media?parent=13700"}],"curies":[{"name":"wp","href":"https:\/\/api.w.org\/{rel}","templated":true}]}}