{"id":13613,"date":"2023-07-12T11:51:02","date_gmt":"2023-07-12T16:51:02","guid":{"rendered":"https:\/\/iidsech.com\/?page_id=13613"},"modified":"2023-07-12T12:05:02","modified_gmt":"2023-07-12T17:05:02","slug":"la-presentacion","status":"publish","type":"page","link":"https:\/\/iidsech.com\/index.php\/estudios_base\/la-presentacion\/","title":{"rendered":"La Presentaci\u00f3n"},"content":{"rendered":"\t\t<div data-elementor-type=\"wp-page\" data-elementor-id=\"13613\" class=\"elementor elementor-13613\">\n\t\t\t\t\t\t<div class=\"elementor-section elementor-top-section elementor-element elementor-element-346406e videothumb elementor-section-stretched elementor-section-boxed elementor-section-height-default elementor-section-height-default\" data-id=\"346406e\" data-element_type=\"section\" data-e-type=\"section\" data-settings=\"{&quot;stretch_section&quot;:&quot;section-stretched&quot;,&quot;background_background&quot;:&quot;classic&quot;}\">\n\t\t\t\t\t\t<div class=\"elementor-container elementor-column-gap-default\">\n\t\t\t\t\t<div class=\"elementor-column elementor-col-100 elementor-top-column elementor-element elementor-element-1246ba2\" data-id=\"1246ba2\" data-element_type=\"column\" data-e-type=\"column\">\n\t\t\t<div class=\"elementor-widget-wrap elementor-element-populated\">\n\t\t\t\t\t\t<div class=\"elementor-section elementor-inner-section elementor-element elementor-element-71182e2 elementor-section-full_width elementor-section-height-default elementor-section-height-default\" data-id=\"71182e2\" data-element_type=\"section\" data-e-type=\"section\">\n\t\t\t\t\t\t<div class=\"elementor-container elementor-column-gap-no\">\n\t\t\t\t\t<div class=\"elementor-column elementor-col-100 elementor-inner-column elementor-element elementor-element-2ab3072\" data-id=\"2ab3072\" data-element_type=\"column\" data-e-type=\"column\" data-settings=\"{&quot;background_background&quot;:&quot;classic&quot;}\">\n\t\t\t<div class=\"elementor-widget-wrap elementor-element-populated\">\n\t\t\t\t\t\t<div class=\"elementor-element elementor-element-d4808f1 elementor-position-top elementor-invisible elementor-widget elementor-widget-image-box\" data-id=\"d4808f1\" data-element_type=\"widget\" data-e-type=\"widget\" data-settings=\"{&quot;_animation&quot;:&quot;slideInDown&quot;}\" data-widget_type=\"image-box.default\">\n\t\t\t\t<div class=\"elementor-widget-container\">\n\t\t\t\t\t<div class=\"elementor-image-box-wrapper\"><figure class=\"elementor-image-box-img\"><img fetchpriority=\"high\" decoding=\"async\" width=\"2560\" height=\"1706\" src=\"https:\/\/iidsech.com\/wp-content\/uploads\/2023\/07\/jonathan-borba-Z39a7lqZusU-unsplash-scaled.jpg\" class=\"elementor-animation-skew-forward attachment-full size-full wp-image-13615\" alt=\"Presentacion\" srcset=\"https:\/\/iidsech.com\/wp-content\/uploads\/2023\/07\/jonathan-borba-Z39a7lqZusU-unsplash-scaled.jpg 2560w, https:\/\/iidsech.com\/wp-content\/uploads\/2023\/07\/jonathan-borba-Z39a7lqZusU-unsplash-scaled-600x400.jpg 600w, https:\/\/iidsech.com\/wp-content\/uploads\/2023\/07\/jonathan-borba-Z39a7lqZusU-unsplash-300x200.jpg 300w, https:\/\/iidsech.com\/wp-content\/uploads\/2023\/07\/jonathan-borba-Z39a7lqZusU-unsplash-1024x683.jpg 1024w, https:\/\/iidsech.com\/wp-content\/uploads\/2023\/07\/jonathan-borba-Z39a7lqZusU-unsplash-768x512.jpg 768w, https:\/\/iidsech.com\/wp-content\/uploads\/2023\/07\/jonathan-borba-Z39a7lqZusU-unsplash-1536x1024.jpg 1536w, https:\/\/iidsech.com\/wp-content\/uploads\/2023\/07\/jonathan-borba-Z39a7lqZusU-unsplash-2048x1365.jpg 2048w\" sizes=\"(max-width: 2560px) 100vw, 2560px\" \/><\/figure><div class=\"elementor-image-box-content\"><h1 class=\"elementor-image-box-title\">La Presentaci\u00f3n<\/h1><p class=\"elementor-image-box-description\">Realizado Por: <font color=\"#dea447\">Min. A. Rub\u00e9n Romero M.<\/font> \nCategor\u00eda: <span style=\"color:#000000\"><a href=\"https:\/\/iidsech.com\/index.php\/estudios_base\/\">Base doctrinal<\/a>.<\/span> Fecha:<span style=\"color:#dea447\">  Feb, 2017<\/span><\/p><\/div><\/div>\t\t\t\t<\/div>\n\t\t\t\t<\/div>\n\t\t\t\t\t<\/div>\n\t\t<\/div>\n\t\t\t\t\t<\/div>\n\t\t<\/div>\n\t\t\t\t\t<\/div>\n\t\t<\/div>\n\t\t\t\t\t<\/div>\n\t\t<\/div>\n\t\t\t\t<section class=\"elementor-section elementor-top-section elementor-element elementor-element-fbc7992 elementor-section-boxed elementor-section-height-default elementor-section-height-default\" data-id=\"fbc7992\" data-element_type=\"section\" data-e-type=\"section\">\n\t\t\t\t\t\t<div class=\"elementor-container elementor-column-gap-default\">\n\t\t\t\t\t<div class=\"elementor-column elementor-col-100 elementor-top-column elementor-element elementor-element-d81a8cb\" data-id=\"d81a8cb\" data-element_type=\"column\" data-e-type=\"column\">\n\t\t\t<div class=\"elementor-widget-wrap elementor-element-populated\">\n\t\t\t\t\t\t<div class=\"elementor-element elementor-element-f277c3d elementor-widget elementor-widget-text-editor\" data-id=\"f277c3d\" data-element_type=\"widget\" data-e-type=\"widget\" data-widget_type=\"text-editor.default\">\n\t\t\t\t<div class=\"elementor-widget-container\">\n\t\t\t\t\t\t\t\t\t<p style=\"text-align: center;\"><b>Introducci\u00f3n<\/b><\/p><p><span style=\"font-weight: 400;\">Un tema que muchos hermanos han solicitado principalmente para conocer los fundamentos del porque un ni\u00f1o se presenta y no se bautiza como en otras religiones es la presentaci\u00f3n en la iglesia en base a la ley que el Se\u00f1or le dijo a Mois\u00e9s. Mucha gente desconoce que, en el die de la candelaria, en el supuesto que el Se\u00f1or Jesus hubiese nacido el 25 de diciembre se cumplen 40 d\u00edas de nacido y por esa raz\u00f3n se presenta en el templo: Sin embargo, el acto de la presentaci\u00f3n contiene m\u00e1s elementos de compromiso y responsabilidad que muchos padres desconocen. Por esta raz\u00f3n se presenta el siguiente estudio.<\/span><\/p><p><span style=\"font-weight: 400;\">1.- Los ni\u00f1os de la iglesia de Dios Israelita deben ser presentados delante de Dios para cumplir el mandamiento de Dios y el ejemplo de Jesucristo.<\/span><\/p><ul><li style=\"font-weight: 400;\" aria-level=\"1\"><strong>Lev\u00edtico 12=6-8<\/strong><\/li><li style=\"font-weight: 400;\" aria-level=\"1\"><strong>Lucas 2=22-34<\/strong><\/li><\/ul><p><span style=\"font-weight: 400;\">2.- En conformidad al ministerio de Cristo, el acto de la circuncisi\u00f3n. del 8vo d\u00eda, se cumple el d\u00eda del Bautismo<\/span><\/p><ul><li style=\"font-weight: 400;\" aria-level=\"1\"><strong>Colosenses 2=11-13<\/strong><\/li><\/ul><p><span style=\"font-weight: 400;\">3.- De la misma manera que el Se\u00f1or Jesucristo crec\u00eda y se hench\u00eda de sabidur\u00eda tambi\u00e9n los padres del ni\u00f1o presentado delante de Dios tienen la obligaci\u00f3n de ense\u00f1ar a los ni\u00f1os todos los d\u00edas de su vida hasta que adquieran su propia responsabilidad delante de Dios.<\/span><\/p><ul><li style=\"font-weight: 400;\" aria-level=\"1\"><strong>Lucas 2=40\u00a0\u00a0\u00a0<\/strong><\/li><li style=\"font-weight: 400;\" aria-level=\"1\"><strong>Lucas 2=51-52\u00a0<\/strong><\/li><li style=\"font-weight: 400;\" aria-level=\"1\"><strong>Proverbios 1=8<\/strong><\/li><li style=\"font-weight: 400;\" aria-level=\"1\"><strong>Proverbios 3=1-4\u00a0<\/strong><\/li><li style=\"font-weight: 400;\" aria-level=\"1\"><strong>Proverbios 22=6<\/strong><\/li><\/ul><p><span style=\"font-weight: 400;\">4.- Entendemos que los ni\u00f1os presentados delante de Dios quedan inscritos en el libro de la vida por ser ellos el reino de los cielos como dijo Jesucristo el Bendito Salvador.<\/span><\/p><ul><li style=\"font-weight: 400;\" aria-level=\"1\"><strong>Mateo 19=13-15<\/strong><\/li><\/ul><p><span style=\"font-weight: 400;\">5.- Ya que el hombre solamente entra al mundo del pecado, cuando comienza su juventud.<\/span><\/p><ul><li style=\"font-weight: 400;\" aria-level=\"1\"><strong>G\u00e9nesis 8=21 <\/strong><\/li><li style=\"font-weight: 400;\" aria-level=\"1\"><strong>Eclesiast\u00e9s 11=9-10<\/strong><\/li><\/ul><p><span style=\"font-weight: 400;\">6.- Hay ejemplos muchos de los hombres que desde su infancia sirvieron a Dios con gran conocimiento de su palabra.<\/span><\/p><ul><li style=\"font-weight: 400;\" aria-level=\"1\"><strong>1\u00b0 Samuel 1=19-28<\/strong><\/li><li style=\"font-weight: 400;\" aria-level=\"1\"><strong>1\u00b0 Samuel 2=11<\/strong><\/li><li style=\"font-weight: 400;\" aria-level=\"1\"><strong>1\u00b0 Samuel 2=18\u00a0<\/strong><\/li><li style=\"font-weight: 400;\" aria-level=\"1\"><strong>2\u00b0 Timoteo 3=14-15<\/strong><\/li><li style=\"font-weight: 400;\" aria-level=\"1\"><strong>2\u00b0 Timoteo 1=2-6<\/strong><\/li><\/ul><p><span style=\"font-weight: 400;\">7.- Precisamente por los ejemplos vistos es menester primeramente amonestar a los padres, ya que ellos son los encargados de la educaci\u00f3n religiosa de los ni\u00f1os.<\/span><\/p><ul><li style=\"font-weight: 400;\" aria-level=\"1\"><strong>Deuteronomio 6=6-7<\/strong><\/li><li style=\"font-weight: 400;\" aria-level=\"1\"><strong>Deuteronomio 4=9<\/strong><\/li><li style=\"font-weight: 400;\" aria-level=\"1\"><strong>Tito 2=3-5<\/strong><\/li><li style=\"font-weight: 400;\" aria-level=\"1\"><strong>Efesios 6=1-4<\/strong><\/li><\/ul><p><span style=\"font-weight: 400;\">8.- En caso de haber cumplido esta obligaci\u00f3n y es menester mirar tambi\u00e9n, el orden de la vida cotidiana para que cada cual aprenda los diferentes oficios para el sustento cotidiano ya que de acuerdo al consejo del Ap\u00f3stol Pablo el Hombre debe estar preparado para Dios y su mujer o su marido seg\u00fan el sexo.<\/span><\/p><ul><li style=\"font-weight: 400;\" aria-level=\"1\"><strong>1\u00b0 Corintios 7=32-34<\/strong><\/li><li style=\"font-weight: 400;\" aria-level=\"1\"><strong>Efesios 4=28<\/strong><\/li><li style=\"font-weight: 400;\" aria-level=\"1\"><strong>Efesios 5=29<\/strong><\/li><li style=\"font-weight: 400;\" aria-level=\"1\"><strong>Efesios 5=29<\/strong><\/li><\/ul><p><span style=\"font-weight: 400;\">9.- Para hacer la ceremonia en la casa de oraci\u00f3n es menester, hablar primeramente con el ministro o encargado de la congregaci\u00f3n, para analizar el caso que puede ser:<\/span><\/p><ul><li style=\"font-weight: 400;\" aria-level=\"1\"><strong>Regular<\/strong><\/li><li style=\"font-weight: 400;\" aria-level=\"1\"><strong>Irregular<\/strong><\/li><\/ul><p><span style=\"font-weight: 400;\">Cuando el caso es regular quiere decir que los ni\u00f1os son hijos de parejas casadas en la iglesia y no hay ning\u00fan problema.<\/span><\/p><p><span style=\"font-weight: 400;\">Cuando el caso es irregular, que los miembros femeninos son miembros de la iglesia, casados con hombre \u00a0 gentil tendr\u00e1n que llegar con el marido para que oiga la exhortaci\u00f3n de la palabra, cuando la joven es miembro de la Iglesia y el ni\u00f1o es producto de fornicaci\u00f3n, se amonesta a la madre con mayor severidad y se presentar\u00e1 al ni\u00f1o que es inocente de la maldad de sus padres, cuando la mujer quisiera presentar un segundo o m\u00e1s hijos en las\u00a0 mismas condiciones,\u00a0 la presentaci\u00f3n no se har\u00e1 hasta tanto no se arregle su situaci\u00f3n legal.<\/span><\/p><p><b>Ceremonia<\/b><\/p><p><span style=\"font-weight: 400;\">1.- Se presentar\u00e1 el programa tradicional\u00a0<\/span><\/p><p><span style=\"font-weight: 400;\">2.- La predicaci\u00f3n ser\u00e1 la que presente este estudio<\/span><\/p><p><span style=\"font-weight: 400;\">3.- Al t\u00e9rmino de la predicaci\u00f3n los padres se har\u00e1n presentes frente al altar.<\/span><\/p><p><span style=\"font-weight: 400;\">4.- El ministro o encargado del templo tomar\u00e1 al ni\u00f1o o ni\u00f1a entre sus brazos en posici\u00f3n elevada y los padres de rodillas escucharan la oraci\u00f3n del ministro qua pedir\u00e1 a Dios por que este ni\u00f1o crezca en gracia, conocimiento y pr\u00e1ctica de la doctrina del Dios de Israel.<\/span><\/p><p><span style=\"font-weight: 400;\">5.- Una vez terminada la oraci\u00f3n se entregar\u00e1 el ni\u00f1o o ni\u00f1a a la madre que lo tomar\u00e1 con ambos brazos y la cabeza hacia la mano derecha del ministro que precisamente poniendo la mano derecha en el ni\u00f1o o ni\u00f1a pronunciar\u00e1 la bendici\u00f3n de N\u00daMEROS 6:22-27 y finalmente dir\u00e1 \u201cBendito sea entre los hijos de Israel (nombre del ni\u00f1o o ni\u00f1a)\u201d<\/span><\/p><p><span style=\"font-weight: 400;\">6.- Se entonar\u00e1 el Salmo No 42 ya que este mensaje del Salmo, la presencia del hombre delante de Dios debe ser del principio al final de nuestras vidas.<\/span><\/p><p><span style=\"font-weight: 400;\">7.- Como formas opcionales que se han observado en la congregaci\u00f3n existen las siguientes:<\/span><\/p><ul><li style=\"font-weight: 400;\" aria-level=\"1\"><span style=\"font-weight: 400;\">El coro juvenil canta por la alegr\u00eda que un ni\u00f1o es nacido<\/span><\/li><li style=\"font-weight: 400;\" aria-level=\"1\"><span style=\"font-weight: 400;\">La familia de los Padres del ni\u00f1o o ni\u00f1a costean la comida de ese d\u00eda por el gusto y la alegr\u00eda de cumplir el mandato Santo.<\/span><\/li><\/ul>\t\t\t\t\t\t\t\t<\/div>\n\t\t\t\t<\/div>\n\t\t\t\t\t<\/div>\n\t\t<\/div>\n\t\t\t\t\t<\/div>\n\t\t<\/section>\n\t\t\t\t<section class=\"elementor-section elementor-top-section elementor-element elementor-element-470d991 elementor-section-boxed elementor-section-height-default elementor-section-height-default\" data-id=\"470d991\" data-element_type=\"section\" data-e-type=\"section\">\n\t\t\t\t\t\t<div class=\"elementor-container elementor-column-gap-default\">\n\t\t\t\t\t<div class=\"elementor-column elementor-col-100 elementor-top-column elementor-element elementor-element-4f1b7f2\" data-id=\"4f1b7f2\" data-element_type=\"column\" data-e-type=\"column\">\n\t\t\t<div class=\"elementor-widget-wrap elementor-element-populated\">\n\t\t\t\t\t\t<div class=\"elementor-element elementor-element-4b2fa37 elementor-align-center elementor-widget elementor-widget-button\" data-id=\"4b2fa37\" data-element_type=\"widget\" data-e-type=\"widget\" data-widget_type=\"button.default\">\n\t\t\t\t<div class=\"elementor-widget-container\">\n\t\t\t\t\t\t\t\t\t<div class=\"elementor-button-wrapper\">\n\t\t\t\t\t<a class=\"elementor-button elementor-button-link elementor-size-sm\" href=\"https:\/\/iidsech.com\/index.php\/estudios_base\/\">\n\t\t\t\t\t\t<span class=\"elementor-button-content-wrapper\">\n\t\t\t\t\t\t<span class=\"elementor-button-icon\">\n\t\t\t\t<i aria-hidden=\"true\" class=\"fas fa-angle-double-left\"><\/i>\t\t\t<\/span>\n\t\t\t\t\t\t\t\t\t<span class=\"elementor-button-text\">REGRESAR<\/span>\n\t\t\t\t\t<\/span>\n\t\t\t\t\t<\/a>\n\t\t\t\t<\/div>\n\t\t\t\t\t\t\t\t<\/div>\n\t\t\t\t<\/div>\n\t\t\t\t\t<\/div>\n\t\t<\/div>\n\t\t\t\t\t<\/div>\n\t\t<\/section>\n\t\t\t\t<\/div>\n\t\t","protected":false},"excerpt":{"rendered":"<p>La Presentaci\u00f3n Realizado Por: Min. A. Rub\u00e9n Romero M. Categor\u00eda: Base doctrinal. Fecha: Feb, 2017 Introducci\u00f3n Un tema que muchos hermanos han solicitado principalmente para conocer los fundamentos del porque un ni\u00f1o se presenta y no se bautiza como en otras religiones es la presentaci\u00f3n en la iglesia en base a la ley que el&#8230;<\/p>\n","protected":false},"author":1,"featured_media":0,"parent":9097,"menu_order":0,"comment_status":"closed","ping_status":"closed","template":"elementor_header_footer","meta":{"om_disable_all_campaigns":false,"_tbt_post_transparent":"","_tbt_post_title":"default","_tbt_post_layout":"default","_tbt_post_sidebar_id":"","_tbt_post_content_style":"unboxed","_tbt_post_vertical_padding":"hide","_tbt_post_feature":"hide","_tbt_post_feature_position":"","_tbt_post_header":false,"_tbt_post_footer":false,"_mc_calendar":[]},"class_list":["post-13613","page","type-page","status-publish","hentry"],"aioseo_notices":[],"_links":{"self":[{"href":"https:\/\/iidsech.com\/index.php\/wp-json\/wp\/v2\/pages\/13613","targetHints":{"allow":["GET"]}}],"collection":[{"href":"https:\/\/iidsech.com\/index.php\/wp-json\/wp\/v2\/pages"}],"about":[{"href":"https:\/\/iidsech.com\/index.php\/wp-json\/wp\/v2\/types\/page"}],"author":[{"embeddable":true,"href":"https:\/\/iidsech.com\/index.php\/wp-json\/wp\/v2\/users\/1"}],"replies":[{"embeddable":true,"href":"https:\/\/iidsech.com\/index.php\/wp-json\/wp\/v2\/comments?post=13613"}],"version-history":[{"count":7,"href":"https:\/\/iidsech.com\/index.php\/wp-json\/wp\/v2\/pages\/13613\/revisions"}],"predecessor-version":[{"id":13621,"href":"https:\/\/iidsech.com\/index.php\/wp-json\/wp\/v2\/pages\/13613\/revisions\/13621"}],"up":[{"embeddable":true,"href":"https:\/\/iidsech.com\/index.php\/wp-json\/wp\/v2\/pages\/9097"}],"wp:attachment":[{"href":"https:\/\/iidsech.com\/index.php\/wp-json\/wp\/v2\/media?parent=13613"}],"curies":[{"name":"wp","href":"https:\/\/api.w.org\/{rel}","templated":true}]}}